29, 191
Suppose -62*j + 48*j + 92218 = 0. What are the prime factors of j?
7, 941
Let q be 5/(10/70 + 4/(-14)). Let h = 425 - q. List the prime factors of h.
2, 5, 23
Let q(z) be the first derivative of -69*z**2/2 - 9*z + 34. What are the prime factors of q(-11)?
2, 3, 5
Let u(h) = -3 - 3*h + 4 - 3 + 7*h + 135*h**2. Suppose -5*a - 9 = -8*a + 2*w, 5*a - w = 8. What are the prime factors of u(a)?
137
Suppose 5*o + 2 = -2*d, -2*o = 14*d - 9*d - 16. Suppose -1510 = -3*q - a, q = 3*q + d*a - 1010. List the prime factors of q.
503
Suppose -425228 + 132793 = -27*v + 275240. List the prime factors of v.
5, 29
Suppose 2*a - 152 - 292 = -5*w, -3*w + 266 = a. Let i = 350 - w. List the prime factors of i.
2, 131
Let a = 308 - 304. Suppose 0 = -a*s - 2*r + 954, 0*s - 3*s + 712 = 5*r. What are the prime factors of s?
239
Suppose -20*w + 70654 = 26*w - 9616. List the prime factors of w.
5, 349
Let v be 5 - ((-64)/(-8))/8. Suppose -v*r + r = 5*p - 3895, 2*r = -4*p + 3114. List the prime factors of p.
2, 97
Suppose -5*l - 2*g + 32 + 3 = 0, -4*l + 4*g = -28. Suppose 1689 + 810 = l*q. List the prime factors of q.
3, 7, 17
Suppose 62 = y + 3*y + 2*k, 0 = k + 1. Let q be 2/y*4*24 - 0. Suppose 2*s - q - 210 = 0. List the prime factors of s.
3, 37
Let g(n) = -51*n - 50. Suppose -4*x + t - 20 = 0, -4*x - t = -7*x - 14. What are the prime factors of g(x)?
2
Let n = -99 + 103. Let j be -2*(12/n)/3. List the prime factors of (0 + (-10)/(-8))/(j/(-344)).
5, 43
Let x = -4414 + 10469. Suppose 5*n - 3045 = -2*r - 0*n, -x = -4*r - 3*n. List the prime factors of r.
2, 5, 151
Let x(a) = 65*a**2 - 29*a - 231. List the prime factors of x(10).
3, 1993
Let m(u) = 92*u**2 + 141*u - 10. What are the prime factors of m(-7)?
3511
Let d be (-4)/(-2) + (-1)/1 + 36. Let z be (3 - (4 + -1)) + d. Let p = 204 - z. List the prime factors of p.
167
Suppose 0 = 27*t + 13*t - 600. Suppose 4*i = -3*y + 2623, -3*i = -0*i + t. What are the prime factors of y?
881
Let p(l) = -l**2 + 38*l + 126. Let z be p(24). Let f = -15 + z. List the prime factors of f.
3, 149
Let i = -28479 + 82698. List the prime factors of i.
3, 11, 31, 53
Let h = 11918 - -9392. What are the prime factors of h?
2, 5, 2131
What are the prime factors of 134414/6 + 6072/2277?
5, 4481
Let c = 4 + 15. Suppose -513 = -0*v - c*v. Suppose -v*n - 11 = -28*n. What are the prime factors of n?
11
Suppose 47*a = 100*a - 434388. List the prime factors of a.
2, 3, 683
List the prime factors of (7*2/42)/((-5)/(-219090)).
2, 67, 109
Let x(h) = 6 + 7 + 2 + 7*h + 34*h**2 + 3 + 28. What are the prime factors of x(-5)?
3, 7, 41
Let z be (-369)/5*(6 - 28/3). Suppose -z = -9*p + 366. List the prime factors of p.
2, 17
Suppose 0 = 15*t - 2*t + 3224. Let l = 92 + t. Let u = l + 301. What are the prime factors of u?
5, 29
Suppose 49*k - 369886 = 612270. What are the prime factors of k?
2, 5011
Let z = -1207 + 2624. What are the prime factors of z?
13, 109
Let v(d) = -4*d**3 + d**2 + 7*d + 6. Let m(y) = y**3. Let f(t) = -5*m(t) - v(t). List the prime factors of f(-3).
3, 11
What are the prime factors of 5553/((-35)/(-280)*(-4)/(-1))?
2, 3, 617
Let i = -89 - -104. Let c(w) = -3*w + 9 + 7*w + i*w + 17*w. What are the prime factors of c(4)?
3, 17
Let w be (3/7)/(((-210)/(-98))/15). List the prime factors of 2*((-15)/w - -367).
2, 181
Let a = 16 + -1. Let r(n) = 171*n + 516. Let c be r(-3). Suppose -5*m = a, c*m = i - m - 43. What are the prime factors of i?
31
List the prime factors of ((18 + -13 - 541) + -12)/(6/(-183)).
2, 61, 137
Let i(y) = -3*y**2 - 5*y - 3. Let r be i(-6). Let l(c) = -c**3 + 60*c**2 - 578*c - 126. Let p be l(48). Let k = r - p. List the prime factors of k.
3, 47
Let g be ((-7)/(-1))/(870/(-218) + 4). Suppose -c = y - 571, -5*c + 3636 = -4*y + g. What are the prime factors of c?
3, 191
Let j(h) = -17*h + 2614. Let k be j(0). Suppose 2*t - 982 = -3*z, 0 = 5*t + z + 133 - k. List the prime factors of t.
7, 71
Let d be -3 + 8/((-56)/(-119)). Suppose d*p - 721 = 8953. What are the prime factors of p?
691
Let f be (25/75)/((-2)/(-3018)). Suppose -f = -3*w + 4*w. Let m = -284 - w. What are the prime factors of m?
3, 73
Let d(q) = -q**2 + 3*q - 3. Let p be d(4). Let k(i) be the second derivative of -i**5/20 - i**4/2 - 7*i**3/6 - 2*i**2 - i + 144. List the prime factors of k(p).
2, 47
Let a(m) = -2*m**2 + 3*m - 1. Let y be a(2). Let j(z) = z**3 + 31*z**2 + 26*z - 116. Let w be j(-30). List the prime factors of (31 + 5)/y*(-26)/w.
2, 3, 13
Let d(j) = j**3 + 11*j**2 - 15*j - 27. Let w be d(-12). Suppose 4*g + 0*g + 21 = c, 5*c - w = -4*g. What are the prime factors of ((-15)/4 - 4)*g?
31
Suppose -8*n - 10 = -10*n. Let o be (-1004)/n - (-3)/(-15). List the prime factors of (-2 - 16/(-6))/((-2)/o).
67
Let i be (3/2)/(-1*(-6)/(-276)). List the prime factors of i/(-12) + -6 - (-1959)/12.
163
Suppose -38*r + 77 = -27*r. Suppose 2*s - 3351 = -f, -r*f + 3336 = 2*s - 3*f. List the prime factors of s.
2, 839
Let s(h) be the second derivative of h**5/20 + 11*h**4/12 + 3*h**3/2 + h**2/2 - 5*h. Let r be s(-10). Suppose -93 = -r*o + 8*o. What are the prime factors of o?
31
Suppose -34799 = u + 22*u. Let p = -879 - u. List the prime factors of p.
2, 317
Let d(w) = 106*w**2 - 54*w. Let o = -437 + 440. List the prime factors of d(o).
2, 3, 11
Suppose 0 = -161*c - 1299343 + 1765359 + 2676543. List the prime factors of c.
131, 149
Let c(v) = 189*v - 2. Let l be c(2). Let u be (10 - (30 - 20)) + 0 + 2. Suppose 4*b + 503 = 3*q, 0 = u*q + 2*b + 64 - l. List the prime factors of q.
7, 23
Let b = 83 + -66. Suppose -n - 11 = -3*v - 0*n, 0 = -5*v + 2*n + b. Suppose -3*y + 2*i = -139, v*i + 13 = 3. What are the prime factors of y?
3, 5
Suppose 4 = -g, p - 116*g + 111*g = 6842. What are the prime factors of p?
2, 3, 379
Suppose -95 = -b + 4*g, -3*b - 3*g + 215 = -g. Suppose 0 = 67*h - b*h + 4528. List the prime factors of h.
2, 283
Suppose 904306 = 78*b - 290747 + 27549. List the prime factors of b.
2, 1871
Suppose 155*f - 3274914 = 45*f - 84*f. List the prime factors of f.
3, 17, 331
Let l(t) = t**3 + 17*t**2 + 115*t + 276. List the prime factors of l(21).
3, 2161
Suppose -2984*r + 2986*r + w = 44276, -5*w - 110630 = -5*r. List the prime factors of r.
2, 3, 7, 17, 31
Let w(i) = 7 + 271*i - 7*i - 58 - 75*i. What are the prime factors of w(4)?
3, 5, 47
List the prime factors of (-24)/(-8) + 18782 + (12 - 9).
2, 7, 11, 61
Let m be 6/(-21) - (-1160)/140. List the prime factors of (-54915)/(-60) + 6/m.
2, 229
Let l(t) = -237*t + 35 + 71*t - 77. Let s be l(-9). Suppose 7*q = -290 + s. What are the prime factors of q?
2, 83
Let t(b) = 5*b**2 - 41*b + 3. Let p be t(9). Suppose p*k = 1160 - 146. What are the prime factors of k?
2, 13
Suppose 91080 = -15*g - 9*g. Let a = g - -5356. List the prime factors of a.
7, 223
Let h be (-78)/(42/(-5) + 8). Suppose -h*a + 185*a + 4450 = 0. List the prime factors of a.
5, 89
Suppose 0 = 190*o - 188*o - 20. Suppose -5*g + o*g = 5*m + 7430, 0 = m + 5. What are the prime factors of g?
1481
Let i = 146 - 367. Let g = 174 - i. What are the prime factors of g?
5, 79
Suppose 0 = 292*o + 564565 - 926491 - 1532278. List the prime factors of o.
13, 499
Let j(f) = f**2 + 21*f + 148. Let l be j(29). Suppose -4*d + 2*c = 572 - l, -5*c - 252 = -d. List the prime factors of d.
257
Let j = -205 - -210. Suppose 0 = -2*f + 10, 0*f - j*f - 601 = -i. List the prime factors of i.
2, 313
Let b = 299 - 79. Let h be 10/35 - b/(-14). Suppose 0 = 5*p - 19 - h. What are the prime factors of p?
7
Let z(r) = -9*r**2 - 2*r + 8. Let l be z(-8). Let p = l - -1062. Suppose 7*f - 2*f = p. What are the prime factors of f?
2, 3, 17
Let g be 1/((-130)/(-25) - 5). Suppose -179 = -g*h + 3*j, -9*h + 13*h = -j + 150. What are the prime factors of h?
37
Suppose -6*b + 10 + 14 = 0. Let m be 3132/24*b/6. Let i = m - 41. What are the prime factors of i?
2, 23
Let d = 172 + -164. Suppose 0 = d*t - 5*t - 1194. What are the prime factors of t?
2, 199
Let m(x) = -10*x + 26. Let l be m(4). Let o(z) = -z**3 - 16*z**2 - 19*z - 7. Let p be o(l). Let y = p + 226. What are the prime factors of y?
3, 31
What are the prime factors of (3/7)/((-8)/49084)*-14?
3, 7, 1753
Let w = -5605 - -15743. What are the prime factors of w?
2, 37, 137
Let r be 4002 + -2 + 4/(-4). Suppose -4*y + r = 379. List t